 -182. Give v(y).
0
Let x(h) be the first derivative of -3*h - 208 - 2/3*h**3 + 1/2*h**2. Give x(2).
-9
Let l(c) = -c**3 + 2*c**2 + 2*c - 7. Suppose 3*w = -k - 18, -4*w - 11*k + 15*k = 8. Calculate l(w).
158
Let a(c) = 5*c - 1. Let i(z) = 37 + 20*z - 5 + 6*z**2 - 22. Let k be i(-3). What is a(k)?
19
Let n(o) = -o + 3. Suppose -k + 36 = 2*k + 3*g, -2*g - 32 = -5*k. Let z(p) = k - 3 - 16*p + 14*p. Let a(q) = -9*n(q) + 4*z(q). What is a(-7)?
-14
Let b(l) = -l**2 - 10*l - 2. Let s be b(-4). Suppose 0 = -3*n + 4*d + s - 35, 0 = 5*n + 3*d + 12. Let w(k) = k**3 + k**2 - 2*k - 4. Give w(n).
-16
Let w(y) = -10*y**2 + 424*y + 37. Let q(n) = 5*n**2 - 264*n - 18. Let g(m) = -5*q(m) - 3*w(m). What is g(-9)?
-48
Let g be ((-6)/(-9))/((6/891)/1). Let u = g + -106. Let o(r) = -r**3 - 9*r**2 - 9*r + 1. Calculate o(u).
-34
Let h(a) = -99*a**2 - 6*a + 27. Let b(y) = -85*y**2 - 5*y + 26. Let q(j) = 7*b(j) - 6*h(j). Determine q(0).
20
Let b(h) = -2*h**3 - 12*h**2 - 11*h + 7. Let y = -347 - -344. Let i(o) = -5*o**3 - 34*o**2 - 32*o + 21. Let x(u) = y*i(u) + 8*b(u). Calculate x(7).
0
Let z = 12453 + -12447. Let o(f) = f**3 - 5*f**2 - 11*f + 1. Determine o(z).
-29
Let i(h) = h**3 - 8*h**2 + 3*h - 6. Let t = -3337 + 3345. Give i(t).
18
Let y(m) be the second derivative of -m**5/10 + 7*m**4/6 + 14*m**3/3 - 93*m**2/2 + 2875*m. Determine y(8).
3
Let i(d) = -16*d**2 + 4*d + 10. Let u(b) = 5*b**2 - 2. Let q(o) = -i(o) - 3*u(o). Give q(-1).
1
Let p be ((-2)/(-3))/(2/6). Suppose 36*d - 47 - 205 = 0. Let a(c) = -7 + 0 + 9 + c + c**3 - d*c - 5*c**p. Calculate a(6).
2
Let k be ((-1036)/(-20))/7 + (-4)/10. Suppose -13*j + 14*j - k = 0. Let o(z) be the first derivative of -z**4/4 + 2*z**3 + 5*z**2/2 + 5*z + 28. Calculate o(j).
-9
Let q(a) be the third derivative of -a**7/2520 - 7*a**5/24 + a**4/12 + 20*a**3/3 + 111*a**2. Let g(r) be the second derivative of q(r). What is g(0)?
-35
Let c = -2617 - -2622. Let p(t) = t**3 - 7*t**2 + 9*t + 9. What is p(c)?
4
Suppose -4*r = 4*t - 600, -3*r + 120 = -3*t - 300. Let v(j) = -r*j + 69*j + j**2 + 68*j. Determine v(6).
-12
Let n(q) = -16*q + 555. Let u = 28644 + -28609. Give n(u).
-5
Let a(t) = -2*t**3 + t**2 - t - 1. Suppose 0 = 13*j - 11*j - 5*u - 8, 0 = 3*j + 3*u - 12. Suppose 2*f - 5 = -3*f + 3*s, -j*s = 0. Give a(f).
-3
Suppose 4*p = -16, -2*t + 46 = -5*p + 18. Suppose 0 = -t*a + 2*a - 4. Let q(j) = 13 - 62*j - 72*j - 98*j - 10 + 238*j. Give q(a).
-9
Suppose -2*r - 3*a + 4 = 0, 24 = -r + 3*r - 2*a. Let w(q) be the first derivative of q**3/3 - 9*q**2/2 + 2*q - 2798. Calculate w(r).
-6
Let p(k) = 4*k - 32. Let r be p(10). Let z be 168/(-16)*r*(-2)/6. Suppose -36*t + z*t + 16 = 0. Let g(q) = 2*q**3 + q**2 - 2*q + 3. Calculate g(t).
19
Let o(g) = -5 + 739*g**2 - 733*g**2 - 5 - g**3 + g - 1 - 3. Give o(6).
-8
Let i be ((-16)/4)/(-1*2). Let o(g) = 0*g**2 - 4*g + 0*g**2 + 1 + g**3 + 4*g**i + 5*g. Let h(c) = c**2 + 17*c + 49. Let w be h(-13). Give o(w).
7
Let n be -2*(-3)/(1 - 2). Let j = 89 + -89. Let p(l) = -5*l**2 + j + 0*l**2 - 1 + 7*l + 4*l**2 - 15*l. Determine p(n).
11
Let l(j) = -11*j**3 + 5*j**2 + 5*j - 1. Let k(g) = 30*g**3 - 13*g**2 - 14*g + 2. Let r(i) = -3*k(i) - 8*l(i). Give r(-1).
1
Let f(n) = 11*n - 59. Let m = 192 + -197. Determine f(m).
-114
Suppose -3*l = -6*l + 198. Suppose -l*p + 72*p = -36. Let x(c) be the first derivative of -c**4/4 - 2*c**3 - c**2 - 2*c + 1. What is x(p)?
10
Let l(m) = -10*m + 7*m - 9854 + 9820. Give l(-10).
-4
Let n(g) = 50*g**2 + 2*g - 139. Let i(w) = 66*w**2 + 3*w - 142. Let u(r) = -3*i(r) + 4*n(r). Give u(8).
-10
Let y(z) = 3*z - 5*z + 6 + z. Let i be (-55)/2*(-36)/45. Suppose -6*u + i = -14. Give y(u).
0
Let j(q) be the third derivative of 1/3*q**3 + 55*q**2 + 0*q - 1/60*q**5 + 0 - 1/24*q**4. Give j(-3).
-4
Let z(s) = -87*s + 699. Let j be z(8). Let m(w) = w**3 - 2*w**2 - 8*w + 7. Give m(j).
-8
Let h(a) = -3*a**3 + 2*a**2 - 4*a - 4. Let f(b) = 324*b + 10690. Let l be f(-33). What is h(l)?
36
Let c be 132/(99/(-9)) - (-12 - -3). Let l(j) = 7*j**2 + 3*j - 7. Determine l(c).
47
Let m(j) = -4*j**2 + 14*j - 3. Let o(i) = -4*i + 112. Let z be o(27). Give m(z).
-11
Let u be 40 + (-30848)/672 - 2/21. Let v(w) = w**2 - 2*w - 10. What is v(u)?
38
Suppose 3*k - 12 = -2*z, 3*k - 4*k = 5*z - 17. Let v(f) be the third derivative of 0 - 501*f**2 + 2/3*f**3 + 0*f - 1/12*f**4. Determine v(z).
-2
Suppose -14*m = -165 + 39. Let c(l) = 13*l**3 + 9*l**2 - 5*l + 17. Let g(a) = -3*a**3 - 2*a**2 + a - 4. Let h(b) = m*g(b) + 2*c(b). Give h(2).
-12
Suppose -257*p - 90 = -267*p. Let t(c) = 10*c - 5 + c**3 + 11 - 10*c**2 - 11. Give t(p).
4
Let d(n) = -n**3 + 22*n**2 - 20*n - 21. Let f = -25647 - -25668. Determine d(f).
0
Let w(c) be the second derivative of c**4/12 + c**3/2 + c**2 + 2*c. Let k = -233 - -287. Let s be (2/(-2))/(18/k). Determine w(s).
2
Let v(k) = -5 + 5*k - 7*k - 12 - 5 + 2. What is v(0)?
-20
Let r be (2/(-6))/((-54)/162). Let f be -1 + 2 - (-2 - r - -4). Let n(c) = c**2 + 2. Give n(f).
2
Let g = 255 + -140. Suppose 0 = -952*t + 948*t + 456. Let z = g - t. Let m(s) = -s**3 - s**2 - s + 1. What is m(z)?
-2
Let j(u) = 520 + 12*u**3 - 22*u**3 - 515 - 15*u + 3*u**2 + 4*u**3 + 7*u**3. What is j(-7)?
-86
Suppose 3*o = -6, 4*u + 3*o + 0 + 6 = 0. Suppose -4*b + 9 = -z - 0, u = -2*z - 5*b - 5. Let p(a) = -a**3 - 7*a**2 - 3*a - 6. What is p(z)?
-41
Let i = 153 + -144. Let u(a) = 20*a + i*a**2 - 12 - 3*a + a**3 + 8. Let y be u(-6). Let l(d) = d**2 - d - 1. Determine l(y).
1
Let w(g) = -5*g - 28. Let v(l) = -3. Let q(b) = -4*v(b) + w(b). Let t(j) = 27*j + 81. Let z(i) = -11*q(i) - 2*t(i). Calculate z(-5).
9
Let y(v) be the second derivative of -v**3/2 - 3*v**2/2 - 2*v + 61. Suppose -2*k - 4*s = -8, s - 4*s = -3*k + 3. Give y(k).
-9
Let f = 75 + -71. Suppose -2*t = -f*g + 16, 13 + 3 = -t + 4*g. Let u be 3/(-3 + t) - 0. Let b(a) = -a**2. Calculate b(u).
-1
Let h = 345 - 615. Let a = 264 + h. Let o(k) be the first derivative of -k**2/2 + k - 1. Calculate o(a).
7
Let s = -724 + 727. Suppose j - 6 = -3*t, 3*t + 3*j - j - s = 0. Let r(a) = -a**2 + a. Determine r(t).
-6
Let x(w) = -2*w**2 - 158*w - 884. Let y be x(-73). Let q(c) = 14*c + 119. What is q(y)?
7
Suppose 0 = -40*w - 7*w + 423. Let g(y) = -y**3 + 8*y**2 + 6*y + 29. Calculate g(w).
2
Let d(a) = a + 19. Let c = 259 + -259. Suppose -4*u - 16 = -3*i - c*u, -3*u - 12 = -3*i. What is d(i)?
19
Let p be 1 + ((-8)/(-6))/(316/60 + -5). Let x(w) = -w - 1. Let k(s) = s**2 - 4*s + 7. Let t(c) = -k(c) - 4*x(c). Determine t(p).
9
Suppose 2*q - 10*q = 0. Suppose -5*p - 122 = -z + 407, -5*z + 20 = q. Let v = p + 111. Let g(j) = j - 12. Calculate g(v).
-6
Let j be 5/25 - (-1)/(-5). Let r(q) be the first derivative of 0 + 4 + 0 + q**2 + j*q**2. Calculate r(-4).
-8
Let c(d) be the second derivative of 3*d**5/5 + 2*d**3/3 - 3*d**2/2 - 379*d. Give c(1).
13
Let t = -7 - -3. Let f(c) be the third derivative of c**6/120 + c**5/30 - c**3/3 + 3221*c**2. Determine f(t).
-34
Let m(u) = u**3 + 15*u**2 + 11*u - 12. Let z be -23 + ((-13)/(117/(-72)) - -1). Calculate m(z).
30
Suppose 90*q + 2 = -4*d + 92*q, -4*d - 2*q - 38 = 0. Let r(j) = -8*j - 32. Give r(d).
8
Suppose 0 = 5*x - 109 + 339. Let p(y) = 4*y + 6. Let f be p(10). Let h = x + f. Let s(v) = -v**2 + v + 6. What is s(h)?
6
Suppose 3*y + 22 = -2*l, 0 = 4*l - 39*y + 35*y + 64. Let u(z) be the second derivative of -z**4/12 - 13*z**3/6 + 6*z**2 - 8*z. Calculate u(l).
-2
Let b = 852 + -840. Let j(q) = 6 + 1 - q - 12 + 14. What is j(b)?
-3
Let b be (30/(-4))/((-105)/490). Let x be (b/(-28)*-2)/(2/4). Let p(r) = -r**3 + 6*r**2 - 7*r + 1. What is p(x)?
-9
Let i(l) = l**2 + 18*l - 17 + 58 + 14*l - 47*l + 27*l. Determine i(-9).
14
Let n(x) = 18*x**3 - 81*x**2 + 137*x + 85. Let v(y) = 29*y**3 - 123*y**2 + 205*y + 127. Let s(c) = -8*n(c) + 5*v(c). Give s(-35).
-10
Let i(x) = x + 39. Let l be (-16)/(-9)*(-6)/(-4)*-3. Let d be -1*(1 - l) - -9. Determine i(d).
39
Let x = 2 + -4. Let y be (1/x)/(1/12). Let c(j) be the first derivative of -j**4/4 - 5*j**3/3 + 4*j**2 + 6*j + 138296. Determine c(y).
-6
Let v(q) = q**2 + q + 1. Let l(c) = 3*c + 1 + c**2 + 21*c - 2*c**3 - c**3 - 23*c. Let z(b) = -l(b) + 2*v(b). Let d = -1 - 0. Determine z(d).
-2
Let u(a) = -54 + 4*a + a**3 + 50 - 6*a**2 + 12. Give u(5).
3
Let t(o) = 3*o**2 + o**3 + 3 - 5 + 4*o + 3*o + 5*o**2.